z(i) = n(i) - 5*v(i). What is z(8)?
2
Let n = 53437 - 53444. Let u(h) = 1 - h**2 - 6*h + 2 + 0. Determine u(n).
-4
Let z(a) = -11*a**2 - 8*a - 19. Let o(i) = -5*i**2 - 4*i - 9. Let f(k) = 13*o(k) - 6*z(k). Suppose 0 = -3*g - 2*g - p + 26, -g - 5*p + 10 = 0. Calculate f(g).
2
Let y(c) = -c - 7. Suppose -466*o + 4*l = -467*o, 5*o - l = 42. What is y(o)?
-15
Suppose -116 = -6*g + 2*g. Let l = -1643 - -1661. Let z(t) = g - l + t - 12. Give z(4).
3
Let x(c) be the second derivative of 1/2*c**2 - 22*c + 0 - 1/6*c**3 - 2*c**5 - 1/12*c**4. Determine x(1).
-41
Let d(a) be the first derivative of 3*a**2 + 24*a - 1955. Give d(-7).
-18
Let c(w) = 123*w + w**2 + 100*w - 435*w + 210*w - 6. Let a = 33 + -17. Let r = a - 11. What is c(r)?
9
Let q(v) = v**3 - v**2 - 1. Let a = 11 - -187. Suppose 0 = -3*g - 3*g + a. Let o be (-44)/g*6/(-4). Determine q(o).
3
Let w = 99 - -68. Let v(h) = w - 321 + 160 + h + 0*h. Give v(-6).
0
Let s(c) = -2*c - 70 - 18 + 127 - 16. Determine s(21).
-19
Let s(q) be the second derivative of 3*q**5/20 - q**3/6 + q**2/2 - 778*q. Determine s(-2).
-21
Let k(m) be the first derivative of -18*m + 59 - 1/2*m**2. Let f = 43 - 43. Calculate k(f).
-18
Let h(b) be the first derivative of 25*b**4/4 + b**3/3 + b**2 - 2*b - 1357. Calculate h(1).
26
Let m(d) = -14. Let q(z) = 2*z + 3. Let c(u) = m(u) + 5*q(u). Calculate c(-4).
-39
Suppose 8*a - 1005 = -973. Suppose -10 = 3*w - p + 56, 5*w = a*p - 117. Let c(v) = -v**2 - 20*v + 11. Determine c(w).
-10
Suppose 0*f - 3*f + 5 = 5*z, -2*f - 2 = -2*z. Suppose 0 = 5*x - f - 20. Let o(k) = -27*k + 3 + 26*k - 12*k**2 - x. Determine o(-1).
-12
Let g(s) be the second derivative of -s**5/20 - s**4/4 + s**3 + 2*s**2 + 2*s. Suppose 3*c + 4*b + 60 - 80 = 0, 0 = -b + 8. Determine g(c).
-4
Let x(k) = -k**3 + 8*k**2 + 9*k - 8. Let c = -89 - -148. Let f = c + -53. Let a be -1*(-100)/12 - (-4)/f. What is x(a)?
-8
Let x(r) = 20*r + 10. Let c be x(1). Let q(a) = 2*a + a + 29*a**2 - 263 - c*a**2 + 264. Determine q(4).
-3
Let p(r) = -r**3 + 5*r**2 + 10*r - 4. Let d be ((-10)/(-12))/((-8)/(-48)). Suppose v - 17 - 5 = -d*s, 24 = 3*v + s. Give p(v).
-32
Suppose -62 = -5*v - 2*u, v - 18 = -0*v + u. Suppose 3*z = z - v. Let k(n) = 3*n - 3*n + 2*n + 7. Determine k(z).
-7
Let c(z) = -6*z + 5*z + 2*z - 4. Suppose 24*x = 31*x - 140. Suppose -14 = 2*g - x. What is c(g)?
-1
Let w(a) be the second derivative of a**5/30 + 5*a**3/6 - 27*a**2/2 + 111*a + 2. Let g(h) be the first derivative of w(h). What is g(-4)?
37
Let l(b) = -32 - 5 - 6231*b + 6236*b. Let s(j) = -3*j + 24. Let x(f) = -5*l(f) - 8*s(f). Give x(-7).
0
Suppose -36 = 143*p - 146*p. Let m(s) = -s**3 + 14*s**2 - 26*s + 22. Let w be m(p). Let n(z) be the second derivative of -z**3/6 - z**2 + 2*z. What is n(w)?
0
Let g(w) = -6*w + 3. Let b be 1 - 3 - -1 - 2. Let f be (8/12)/(b/(-54)). Suppose -2*i - 3*a = a + f, -2*i = -2*a - 12. Determine g(i).
-9
Let t(d) be the third derivative of -d**5/20 - d**4/8 - d**3/2 - d**2. Suppose 1368*j - 1366*j + 4*w - 16 = 0, w - 1 = -2*j. What is t(j)?
-9
Let p(o) = -6*o + 5*o**2 + o**2 - 1 + 3 - o**3. Suppose -5*y - 17 + 22 = 0, 5*y - 23 = -3*n. Let t be ((-190)/30 + n)*(-18 - -3). Determine p(t).
-3
Let b(u) = -9*u + 11. Let t be (2 + -12)/((-16)/104*13). Calculate b(t).
-34
Suppose -33*j - j = 3060. Let m be -33*-6*5/j. Let n(v) = v**3 + 11*v**2 - v - 10. Determine n(m).
1
Let o(h) = -5*h**3 - 5*h**2 - 7*h + 5. Let c(v) = -14*v**3 - 15*v**2 - 20*v + 13. Suppose 21*r = -10*r + 186. Let s(t) = r*c(t) - 17*o(t). Determine s(5).
-12
Let d = -73 + 75. Let l(c) = c**3 - c**2 - 3*c. Let o(y) = -y**3 - 1. Let z(k) = d*o(k) + l(k). Determine z(-1).
1
Let p be (-24)/60*(-4 + -1). Let c(o) = o**3 + 4*o**2 + 5*o + 6. Let k be c(-3). Let z(g) = -2*g + 0 + g**2 + g**3 + k. Determine z(p).
8
Let d(k) = -6*k**3 + 3*k + 2. Let z(r) = 6*r + 99. Let x be z(-9). Suppose 22*i + 23*i + x = 0. Determine d(i).
5
Let f(l) = -16*l - 24. Suppose -150*i + 99 = -84*i - 99*i. Determine f(i).
24
Let u(v) = 41*v**2 + 7*v + 8. Let g(q) = -49*q**2 - 7*q - 9. Let y(s) = 5*g(s) + 6*u(s). Give y(-9).
21
Let l(a) = 6*a + 12. Let y be (-12)/44 - 3287/209. Give l(y).
-84
Suppose 0 = -0*q + 2*q + t - 9, 25 = 5*t. Let h(j) = 6*j**q - 4 - j**3 + 11 + 3 - 3. Determine h(6).
7
Suppose 0 = -4*o - 4, 0 = 4*d + d - 2*o - 27. Let c(a) = -a - 2 + 4 + 0*a + 3. Determine c(d).
0
Let z be 116/36 - (-6)/(-27). Let g(s) = 4*s**2 + s + 5. Let h(l) = -7*l**2 - 4*l - 9. Let t(n) = z*h(n) + 5*g(n). What is t(-7)?
-2
Let d(o) = -7 + 6 - 14 + o**2 + 3*o - 2*o. Suppose b + 5 = 5*a, -4*a + 7*a + 5 = -b. What is d(a)?
-15
Suppose -339*j + 343*j + 2 = 2*m, -2*m + 6*j + 10 = 0. Let k(q) = -13*q - 33. What is k(m)?
58
Let z(y) = 2*y**2 - 23*y + 10. Let f = 493 + -482. Determine z(f).
-1
Let l(w) = 7*w + 8. Let i(b) = b + 1. Let r(n) = 6*i(n) - l(n). Let t(u) = -u**2 - 43*u + 293. Let k be t(6). Give r(k).
-1
Let i(x) be the third derivative of 0 + 0*x + 1/3*x**3 + 5/24*x**4 - 5*x**2 - 1/30*x**5. Let q(c) = -4*c**2 + 287*c - 209. Let r be q(71). What is i(r)?
-10
Let b(p) be the second derivative of 17*p**3/6 - 18*p**2 - 6835*p. Calculate b(1).
-19
Let d(b) = b**3 - 8*b**2 + 6*b - 1. Let o(n) = 2*n**2 - 1. Let k be o(-2). Let f(m) = 52 - 22 - 16 - m. Let u be f(k). Calculate d(u).
-8
Let y(m) = 2*m**2 - 2. Suppose i + 11*i = 0. Suppose i = -6*n - 7 + 19. Calculate y(n).
6
Let a(r) = -4*r - 6. Let w = -123 + 70. Suppose 2*h - 192 = 4*t, -6*h = 3*t - 5*h + 149. Let x = w - t. Determine a(x).
10
Let d(v) be the first derivative of v**6/120 - 56*v**3/3 + v**2 - 55. Let q(h) be the third derivative of d(h). Calculate q(-1).
3
Let h(x) = 6*x**3 + 16*x**2 - 8*x - 6. Let n(o) = 5*o**3 + 15*o**2 - 8*o - 6. Let r(m) = 6*h(m) - 7*n(m). Let y = 318698 - 318691. Calculate r(y).
-36
Let c(f) be the first derivative of 0*f + 9 + 0*f**2 + 7/3*f**3. Suppose -2*m + 0*i = -2*i - 2, 3 = 3*m - i. What is c(m)?
7
Suppose 369*d + 104 = -30 - 235. Let k(o) = -94*o - 1. What is k(d)?
93
Suppose 2*k = -3*b + 187, 2*b + 313 = 4*k - k. Let p = -103 + k. Let z(s) = 0 + 2*s + 2*s + 3. Determine z(p).
-5
Let f(c) be the third derivative of c**6/720 - c**5/10 + 7*c**4/24 + c**3/3 - 45*c**2. Let q(h) be the second derivative of f(h). What is q(11)?
-1
Let u(m) be the third derivative of m**5/20 - 8*m**4/3 - 49*m**3/6 + 48*m**2 - m. Let r be u(22). Let y(j) = -j**2 - 3*j - 5. What is y(r)?
-15
Let j(m) = m**2 + 15*m - 9. Let x(q) = q**2 + 35*q - 52. Let z(v) = -24*v + 36. Let w be z(3). Let y be x(w). Give j(y).
7
Let k(n) be the first derivative of -n**3/3 - 13*n**2/2 - 31*n + 677. Determine k(-3).
-1
Let w be (3/(-2))/(36/96). Let i(q) = -5*q - 12. Let r(t) = 34 + 5*t - 4*t + 14*t - t. Let f(z) = -8*i(z) - 3*r(z). Give f(w).
2
Let x(t) = -3*t - 4. Let b be x(2). Let d(q) = -38 - 19 + 15 + 92 + q - 25. Give d(b).
15
Let k(f) be the third derivative of f**4/24 - f**3/6 - f**2. Let l(m) = 10*m + 63. Let r be l(-9). Let a be (18/r)/((-2)/18). Determine k(a).
5
Let s(b) = 7*b**2 + b + 13. Let d(t) = -2*t**2 - 10 + 9 + 10*t**2 + 15. Let x(o) = 6*d(o) - 7*s(o). Suppose -15 = 2*i - w, -3*i - 39 + 20 = 2*w. What is x(i)?
-7
Let t(h) be the first derivative of -h**2/2 - 5*h + 4. Calculate t(4).
-9
Let f(u) = 41*u**3 + 287*u**2 - 77*u + 83. Let o(j) = 7*j**3 + 49*j**2 - 13*j + 14. Let r(k) = 6*f(k) - 35*o(k). Determine r(-8).
0
Let z(l) be the third derivative of l**6/120 - l**5/20 - l**4/4 + 5*l**3/3 + 3*l**2 - 4*l - 149. Give z(4).
2
Let a(y) = -7744 - 16*y + 15600 + 4*y - 7717. Calculate a(12).
-5
Suppose 0 = 2*g + 2*g - 36. Suppose 14*v + 5 = -g. Let m(n) = 11*n**3 + n**2. Determine m(v).
-10
Suppose -2 = -4*q + 4*h + 18, 5*q - 74 = -2*h. Let t(f) = f**3 - 15*f**2 + 35*f + 10. What is t(q)?
-2
Let q(r) = 317 + 3*r - 161 - 159. Suppose -28*f + 34*f = 12. Suppose -3*g + 2*t = -9 + 7, -g = f*t - 6. What is q(g)?
3
Let h(u) = 8*u**2 + 11*u + 5. Let y(f) = -3*f**2 - 4*f - 2. Let l(d) = 4*h(d) + 11*y(d). Let c be -1*(5 + -4) + 2. Suppose c - 1 = 16*z. Determine l(z).
-2
Let n(i) = -i - 9. Let b(k) = -k**2 + 10*k - 6. Let t be b(4). Suppose 98 = 8*m + 74. Suppose 3*x + m*d = -0*d - t, 0 = -x + d - 2. Calculate n(x).
-5
Let r(g) = -g**2 - 1. Let o(k) = -k**3 + 2*k**2 + 23*k - 18. Let h(b) = -b**2. Let c(w) = 2*h(w) - o(w). Let j be c(7). What is r(